i(m).
-6
Let c(f) be the third derivative of 7*f**4/24 - 76*f**2. Give c(2).
14
Let v(q) = -2*q - 5. Suppose 29 = -2*n - n - 5*h, -2*h - 23 = 5*n. Let r be (n/(-6))/(1/(-12)). Give v(r).
7
Let v = -1651 - -1657. Let z(k) = -3*k**2 - 6*k + 4. Let c(y) = -2*y**2 - 6*y + 3. Let n(g) = -4*c(g) + 3*z(g). Give n(v).
0
Let d(u) be the first derivative of -11*u**3/3 - 9*u**2/2 - 15*u + 1. Let b = 37 + -31. Let w(j) = -5*j**2 - 4*j - 7. Let a(m) = b*d(m) - 13*w(m). Give a(-4).
-7
Suppose -10*y + 8*y = 10. Let f(j) = -4*j - 16. Determine f(y).
4
Let a(n) = -4*n - 3. Suppose -4*g + 0*l - 11 = -3*l, g + 3*l = 1. Calculate a(g).
5
Let m(x) = 1. Let o(t) = t + 1. Let h(n) = -3*m(n) - o(n). Let a be (2/(-6))/((-1)/15). Suppose l = a*l. Calculate h(l).
-4
Let j(g) = -18*g + 12. Let n(a) = -5*a + 4. Let k(o) = -2*j(o) + 7*n(o). Calculate k(-3).
1
Suppose -4*d - 23 = -5*c, -2*c + 4 = d - 0*d. Suppose c*q - 17 - 10 = 0. Let r(k) = q - 5 - 5 - 4*k. Determine r(2).
-9
Suppose -39 = -4*c + 5*i - 7, -5*c = i - 11. Let k(f) = -6 + 2 - c + f + 5. Let r be k(-3). Let d(u) = u**2 + 4*u + 7. Calculate d(r).
12
Let l = 5 + -5. Let y be (-1 - (2 + l)) + 1. Let q(u) be the first derivative of -u**4/4 - 2*u**3/3 - u**2 - 3*u + 24. Calculate q(y).
1
Suppose 0 = -5*g + 5*i - 15, 5*g - 2*g + 3*i = 9. Let p(a) = -2*a + 65*a**2 + g*a**3 + a**3 - 2*a - 63*a**2. What is p(-3)?
3
Let o(x) = -2*x + 5. Suppose -3*r - 3*r = -12. Suppose a = j - r, -2*j + 2 = -3*a - 0*a. Determine o(j).
-3
Suppose 3*p + 10 = 5*o - 23, -4*o + 22 = 2*p. Let g(k) = k - 11. Determine g(o).
-5
Let m(u) = -u**2 + 12*u + 19. Let y(k) = k**3 - 22*k**2 - 18*k - 102. Let z be y(23). Determine m(z).
6
Let a(q) be the first derivative of -q**2/2 + 5*q + 1. Let t(i) = 1. Let n = 76 + -73. Let l(s) = n*t(s) - a(s). What is l(5)?
3
Let n(l) = l - 5. Let a(q) = 5*q - 1. Let f be a(1). Suppose -2*k = -f*k. Suppose -b - b = k. Determine n(b).
-5
Suppose -12 = 6*f - 78. Let g(t) = -13*t - 8 + f + 12*t. Calculate g(2).
1
Let g(z) = -z**3 + 2. Let b(h) = 10*h**3 + 2*h - 7. Let q(a) = b(a) + 3*g(a). Determine q(1).
8
Let r(s) = s**3 - 6*s**2 - 68 - 71 + 135. What is r(6)?
-4
Let t(u) be the third derivative of -u**5/60 - u**4/12 + 7*u**3/6 + 2*u**2 + 11*u. Determine t(-3).
4
Let p be (-1 - -1)/(1/(-1)). Let x be 7 - (1 + p + 2). Let t(i) be the first derivative of -i**2/2 - i - 59. Determine t(x).
-5
Let k(q) = q**3 + 2. Let g = -30 + 28. Let i be k(g). Let v(o) = -2*o - 8. Give v(i).
4
Let p be -4*2/10*5. Let h(g) = -11*g - 15. Let b(i) = 4*i + 2*i + 0 + 8. Let f(c) = p*h(c) - 7*b(c). What is f(-4)?
-4
Let x(f) = -f**3 + 6*f**2 + 25*f + 2. Let w be x(-3). Let s(t) = t**3 - 7*t**2 - 8*t + 2. What is s(w)?
2
Suppose -4*y + 5*v = 2*v - 13, 0 = -2*y + 4*v + 4. Let i(x) = y - 202*x + 201*x + 0. Give i(7).
-3
Let j be 21 - (14 + -1 + -1). Let r(v) = v**3 - 9*v**2 - 2*v + 2. Give r(j).
-16
Suppose -d - d = -10. Let g(z) = -5 - 96703*z**2 + 96709*z**2 - 6*z**3 + 3*z**3 - 1 - 3*z + 2*z**3. What is g(d)?
4
Let v(n) = 15*n - 1. Let m be (1*9)/((-12)/(-4)). Suppose 4*z - 7 = m*c, -c - 4*z = -0*z - 3. What is v(c)?
-16
Let s = -1235 - -1220. Let h(p) = -p - 27. Calculate h(s).
-12
Let z = -18 + 22. Let n be z + 3*(-2 + 3). Let g(k) = k**3 - 7*k**2 + 6. What is g(n)?
6
Let g(m) = m**3 - 3*m**2 + 2*m + 4. Let b be g(2). Let q(y) = 6*y - 6 - 1 - 3*y**2 - 4*y + b. What is q(2)?
-11
Let p(y) = 8*y - y**2 - y**3 - 24*y + 15*y - 4. Let k = -46 - -46. Give p(k).
-4
Let j(t) = t + 1. Let q be j(-6). Let d(p) = 13 - p - 43 + 23. Determine d(q).
-2
Let l(t) = -t**2 - 2*t. Let g(n) = -n**2 - 2*n + 1. Let k = -19 - -16. Let z(b) = k*g(b) + 4*l(b). Let a(p) be the first derivative of z(p). Calculate a(3).
-8
Let g(x) = 16*x**3 - 4*x**2 + 10*x - 10. Let z(m) = -3*m**3 + m**2 - 2*m + 2. Suppose 4*f = 8*f + 44. Let w(q) = f*z(q) - 2*g(q). Calculate w(2).
-2
Let p = -8 - -5. Let h(j) = -13 + 15*j**2 - 18*j**2 + 10 - j**3. Calculate h(p).
-3
Let f(v) = -v**3 - 9*v**2 - 6. Let w(r) = 4*r + 11. Let z be w(-5). Let a be f(z). Let n(t) be the second derivative of -t**3/6 - 5*t**2/2 + t. Determine n(a).
1
Let x(i) = i**3 - 15*i**2 + 12*i - 1. Suppose 66*a + 3*a = 966. Calculate x(a).
-29
Let w(m) = -m**2 - m - 2. Suppose 15 = 5*o, -4*p - p - 3*o + 9 = 0. What is w(p)?
-2
Let i(p) = -p**2 - 5*p + 1. Let k be i(-6). Let x(w) be the first derivative of -1/2*w**2 + 3 - 7*w. Calculate x(k).
-2
Let m(r) = r**2 + 7*r + 2. Let t be 3/(-1) - 16/(3 + 1). Determine m(t).
2
Let q(z) = -3*z**3 - 4*z**2 + 8*z - 29. Let d(k) = k**3 + k**2 - 3*k + 10. Let p(w) = -11*d(w) - 4*q(w). What is p(-5)?
1
Suppose -4*f + 25 = 5*t, 3*t - 7 + 4 = 0. Let n(k) = k**2 - 6*k + 4. Calculate n(f).
-1
Let l(r) = r + 12. Let d be l(-9). Let s(o) = -o - o + 1 + 4*o - d*o. What is s(-6)?
7
Let q(k) = -2*k + 3. Let r be q(1). Let h(j) = -j**2 + 2*j. What is h(r)?
1
Let m(y) = -4*y + 2. Let u(n) = -11*n + 6. Let j be (-205)/(-25) + (-3)/15. Let l(s) = j*m(s) - 3*u(s). Determine l(2).
0
Let h(d) = -4*d + 1. Let j(q) = -8*q - 23. Let k be j(-3). Calculate h(k).
-3
Suppose -42*k = -45 - 207. Let h(b) = 4*b**3 + 14*b**2 - 25*b - 21. Let m(s) = -s**3 - 5*s**2 + 8*s + 7. Let i(n) = 2*h(n) + 7*m(n). Give i(k).
7
Suppose 0 = 10*o - 118 - 532. Let z = 58 - o. Let g(k) = -k**2 - 5*k + 10. Calculate g(z).
-4
Let x(g) = g**3 + 5*g**2 - 8*g - 9. Let a(d) = d + 2. Let o be (132/77)/(1/7). Let i be a(o). Suppose 9*j = i*j + 30. Determine x(j).
3
Let k(o) = -o + 7. Let n(r) = 6*r**2 + 18*r. Let a be n(-3). Calculate k(a).
7
Let n be 1*(-3)/(-2) + 6/12. Suppose 8 = -n*t + 12. Let p(s) = -s**2 + 3*s - 3. What is p(t)?
-1
Suppose 0 = -a + 4*v - 17, a = 2*v - 2 - 5. Let u be 2/3 - (-10)/a. Let j(p) = -4513*p + 2255*p + 2259*p. Give j(u).
4
Let y(g) = 6*g + 5. Let p(h) = 5*h + 5. Let b(j) = -7*p(j) + 6*y(j). Let k = 33 + -33. Let c be (k - (-5)/(-10))*-10. Determine b(c).
0
Let p(i) = -3*i**2 + 19*i + 19. Let z(t) = -t**2 + 10*t + 10. Let h(m) = 2*p(m) - 5*z(m). Calculate h(-10).
8
Let m(s) be the third derivative of -7*s**4/24 - s**3/2 - 2*s**2 + 248. What is m(-3)?
18
Let r(x) = -x**3 + 16*x**2 - 16*x - 10. Let p be r(15). Let h = p - -22. Let f(i) = -i - 3. Determine f(h).
0
Let b(n) = 7*n + 8 - 2*n - n**2 + 0*n**2. Let r(y) = y**3 + 17*y**2 + 12*y - 58. Let z be r(-16). Determine b(z).
2
Let l(m) = m**3 - 3*m + 3. Suppose -4*t = -36 - 260. Let b(x) = 71*x**2 + 4 - 4 - t*x**2. Let a be b(-1). Give l(a).
-15
Let t = -13 + 22. Let s(o) be the first derivative of -7*o**3/3 + 5*o**2/2 - 106. Let k(n) = -3*n**2 + 3*n. Let m(w) = t*k(w) - 4*s(w). Determine m(-3).
-12
Let n(z) = -z**2 + 2*z + 1. Suppose 0*r = -3*r + 81. Let a = r - 28. Calculate n(a).
-2
Let n(w) = w**3 + 7*w**2 - 7*w - 6. Let s be ((-90)/(-105))/(-6) - (-110)/(-14). Calculate n(s).
-14
Let x(t) = 10 + 247*t**2 - 117*t**2 + 4*t - t**3 - 125*t**2. Calculate x(6).
-2
Let n(q) be the second derivative of q**5/20 - 11*q**4/12 + 3*q**3/2 + 3*q**2 - 95*q. Give n(10).
-4
Let h(k) = k**2 + 6*k - 10. Let y(m) = 2*m**2 + 5*m - 10. Let o(f) = 3*h(f) - 2*y(f). Calculate o(7).
-3
Let f(o) be the second derivative of -o**4/12 + 5*o**3/3 - 4*o**2 - 3*o. Let s(l) = l - 1. Let k(x) = -f(x) + 4*s(x). Suppose -g + 20 = 4*g. Calculate k(g).
-4
Let z = 7 - 12. Let h = -2 - z. Let p(k) = -8*k + h*k + 4*k. Calculate p(-1).
1
Let n be 33/22*(-34)/(-3). Suppose -i + 0*i - 3 = 3*l, n = 5*i - l. Let v(z) = 2 - i - z**2 - 5 + 4 - 5*z. Determine v(-4).
2
Let m(y) = y**2 - y - 6. Let p be m(6). Let i = 25 - p. Let r(j) = -j - i - 1 + 1 - j. What is r(1)?
-3
Let f(s) = -2*s - 8*s - 20 - 4*s. Suppose q = -q - 34. Let u(t) = -5*t - 7. Let y(w) = q*u(w) + 6*f(w). Give y(5).
4
Let m(h) be the first derivative of -h**4/4 - 11*h**3/3 + h**2/2 + 15*h - 48. What is m(-11)?
4
Suppose -7*k = -5*k - 8. Let g(s) = s + 7 + 0 - k + 20. Determine g(0).
23
Suppose 0 = -t + 23 + 9. Suppose t*n = 28*n - 24. Let a(v) = 2*v**3 + 10*v**2 - v**3 - 4*v**2 + 4. Calculate a(n).
4
Let r(t) = t + 14. Let k be r(-12). Suppose f - 21 = 5*v, -2*f - 36 = k*f + 4*v. Let x(s) = s**2 - s + s**3 - 1 + 7*s**2 - 4*s**2. Calculate x(f).
3
Let p(l) = -l - 7 - 5 + 0*l + 4 - 2. What is p(-8)?
-2
Let u = 120 + -128. Let k(m) be the first derivative of -m**3/3 - 5*m**2/2 + 10*m + 7. Determine k(u).
-14
Let w = -12 + 7. Supp